 l - 11. Let b(s) = -15*s**2 - 3*s + 23. Let d(y) = k*b(y) - 13*u(y). What is d(7)?
-9
Let t(g) = -9*g + 24. Let h(j) = 8*j + 7. Let f(k) = 5*k + 4. Let a(d) = 5*f(d) - 3*h(d). Let q(p) = -15*a(p) - t(p). Determine q(-2).
3
Suppose 5*j = -r - 9, 3*r + j + 265 = 224. Let q(a) = -5*a**2 - 67*a + 34. What is q(r)?
-8
Let y(o) = 9*o**2 - o**3 - 4*o**2 - 4*o - 33 + 15 + 9*o**2 + 5*o. Calculate y(14).
-4
Let x(a) = -7*a + 2. Suppose -4*q - 2*q = -6. Suppose -6 = t + 2*t, -v - t + q = 0. Determine x(v).
-19
Let r(t) = -t**3 + 5*t**2 + 8*t - 9. Let q be 665/105 - (-1)/(-3)*1. Let y be r(q). Let h(l) = 10 - 13*l - y*l**2 + 3 + 2*l**2 + 5*l. Give h(-9).
4
Let p(w) = -w**3 - w**2 + w - 2. Let u(y) = 2*y**3 - 3*y**2 - 4*y + 10. Let d be u(2). Let j be (d/4)/(39/52). Determine p(j).
-12
Let x(f) = 183*f + 597. Let y(m) = 4*m + 3. Let a(g) = -x(g) + 10*y(g). Calculate a(-4).
5
Let n(g) be the second derivative of 87*g + 1/6*g**3 - g**2 + 0. Give n(-6).
-8
Suppose -6*t = -3*o - t + 101, o - 29 = 4*t. Let v = o + -35. Let m(q) = 3 + 4*q + 2*q**3 - 3*q**3 + v*q**2 - 2*q - 5*q. Calculate m(2).
-3
Let u(h) be the second derivative of -h**7/2520 + h**6/360 + h**5/120 - 19*h**4/6 - 260*h. Let x(d) be the third derivative of u(d). What is x(5)?
-14
Let j(f) = f**3 + 5*f**2 + 4*f + 4. Let s be 2 + 2/4*0. Let i(p) = 5*p. Let a be i(s). Suppose 6*q - a = 4*y + 3*q, 5*y - 5*q = -10. Calculate j(y).
4
Let k = -8280 + 8278. Let s(g) = 4*g**2 - 4*g**3 - 2*g**3 - 6*g - 2 + 0*g**3. Let n(c) = 7*c**3 - 5*c**2 + 7*c + 2. Let m(p) = -4*n(p) - 5*s(p). Calculate m(k).
-18
Let f(g) = 238*g**3 + 187*g**3 + 120 - 31*g + 3*g + 31*g**2 - 424*g**3. Give f(-32).
-8
Suppose -13*k + 378 = 5*k. Suppose -2*j + 3*z + 18 = 0, 17*z + 18 = 2*j + k*z. Let f(v) = v**3 - 10*v**2 + 10*v - 6. Determine f(j).
3
Let z(j) = j + 1. Let u(w) = 3*w**2 + 7*w + 8. Let n(k) = u(k) - 4*z(k). Let g = -2411 + 2409. Calculate n(g).
10
Let a(v) = -2*v**3 - 3*v**2 - 3*v - 1. Let r be a(-1). Let x(q) = q**2 + 0*q**2 + 128*q**3 + 0*q**2 - 126*q**3 - 2 + 2*q. Determine x(r).
3
Let b = -593/42 - -307/21. Let u(o) be the second derivative of 1/6*o**3 - b*o**2 + 0 - 5/12*o**4 + 13*o. Determine u(1).
-5
Let m(s) = 58*s**2 + s**3 - 53 + 157*s - 154*s - 85*s**2. What is m(27)?
28
Suppose 15*c - 14*c = -5. Let h be (-3 - c) + (-3 - -14). Let j(s) = 8*s - 6 - 5 - 1 + h. Determine j(-1).
-7
Let m = -369 - -371. Let t(w) be the first derivative of -10*w**2 + 3*w + 22. Give t(m).
-37
Let l(y) = y + 6. Suppose t - 34 = 5*z, 3*z - 7*z = 16. Suppose 19*a + t*a - 198 = 0. Determine l(a).
12
Let o(u) = u**3 - 9*u**2 - 7*u - 15. Suppose -210*i + 284 = -1816. Determine o(i).
15
Let t(a) be the third derivative of 36*a**2 + 0*a**5 + 1/6*a**3 + 11/120*a**6 + 0*a**4 + 0 + 0*a. Determine t(-1).
-10
Let m be 2 - (32 + -16 + -11). Let o(g) = 17*g - 17. What is o(m)?
-68
Let r(c) = 4*c + 6. Suppose -20 = -4*i, -2*i - 6 = -2*b - 4*i. Let j be (13/b - 0) + (-66)/(-44). Calculate r(j).
-14
Suppose -1 = -344*a + 345*a. Let n(l) be the third derivative of -l**4/24 - l**3/3 + 10*l**2 - 2*l. Give n(a).
-1
Let f(c) = c + 17. Let o be f(0). Suppose -2*u - 2 = 0, -4*u = -3*n - 20 - 36. Let i = o + n. Let z(v) = v**2 - 2*v - 3. What is z(i)?
12
Let p = 7 - 3. Suppose -3*m - 3*j = -8*m - 299, -4*m - p*j = 220. Let l = m - -62. Let f(q) = 3*q - 2. Calculate f(l).
10
Let h(t) = -3*t - 3. Let a(d) = 7*d + 6. Suppose 3*k = 2*v + 24, 5*v + 20*k - 17*k = -39. Let q(l) = v*h(l) - 4*a(l). Give q(0).
3
Let d be (-2)/1 - (-3)/(-1). Let o be 28/(-224) - 142/16. Let b = o - d. Let k(s) = -s**2 - 3*s + 2. Determine k(b).
-2
Let j(l) be the second derivative of l**5/20 + 17*l**4/12 + l**3/2 + 23*l**2/2 + 8*l - 54. What is j(-17)?
-28
Let h(m) be the third derivative of m**5/60 + 11*m**4/12 - 21*m**3/2 - 3*m**2 - 224. Determine h(-24).
-15
Let b(n) be the first derivative of n**3/3 + 8*n**2 + 22*n + 921. What is b(-14)?
-6
Let b(h) = 15*h**2 + h - 71. Let n(m) = 7*m**2 - 35. Let d(o) = 6*b(o) - 13*n(o). Suppose -4*x + 13 = q, 14*q - 18*q + 38 = 2*x. Give d(q).
2
Let t = -6 + 7. Let w be (t - 4) + (-12 - -20). Let k(b) = b. Let x(i) = -3*i + 7. Let g(m) = -k(m) + x(m). Determine g(w).
-13
Let l(f) be the second derivative of -7*f**3/3 + 9*f**2/2 + 9*f - 79. Determine l(5).
-61
Let c = -428 + 424. Let a(f) = f**2 + 2*f + 5. Let o(j) = j**2 + 4*j + 6. Let x(y) = c*o(y) + 5*a(y). Give x(7).
8
Let x(r) be the second derivative of r**3 + 2144*r. Let k(f) = -f**2 - 7*f + 3. Let z be k(-7). Suppose 5 = 5*g, z + 3 = 4*l - 2*g. What is x(l)?
12
Let k(s) = -166*s + 73*s - 1 + 96*s. Let z = -20 + 29. What is k(z)?
26
Let u = -2536 - -2544. Let y(o) = -o**2 + 9*o - 2. What is y(u)?
6
Let o(v) = 5*v - 20. Let u(x) = 10*x - 36. Let h(s) = -11*o(s) + 6*u(s). Suppose -4*l = -9 - 11, -2*l = 2*c - 18. Suppose -5 = -c*q + 7. Determine h(q).
19
Suppose 1480*l - 7 = 1479*l + 3*p, 4*p + 12 = 4*l. Let n be 0*(2 + -1) + 2. Let c(r) = -8*r + 2 + n - 5. What is c(l)?
-9
Let z = 52 - 41. Let o = -29 + z. Let u be 1/(o/99 - (-13)/11). Let a(d) = -d**3. Give a(u).
-1
Let x be ((-2)/(-6) + 1)/((-96)/144). Let j be (-1)/(-2*2/8). Let f(r) = -r - 5 - 3*r - 2*r**j + 2 + 0. Give f(x).
-3
Let p(c) be the first derivative of -3*c + 3*c**2 - 1/3*c**3 + 3. Suppose -9*o = 10*o + o - 80. Give p(o).
5
Suppose 201 = -3*a + 99. Let n(j) = -j**3 - 35*j**2 - 34*j - 5. Let w be n(a). Let x(k) = k**3 + 4*k**2 - 4*k + 5. Determine x(w).
0
Let v(a) be the first derivative of -5*a**2 - 56*a - 1686. What is v(-6)?
4
Let z(t) be the third derivative of t**6/360 - t**5/15 + t**4/24 - 16*t**3/3 + t**2 - 3*t. Let f(i) be the first derivative of z(i). What is f(4)?
-15
Let f(u) be the third derivative of u**5/30 + 7*u**4/4 - u**3/3 - 2*u**2 + 452*u. What is f(-21)?
-2
Let x be (0 - 45/(-10))/((-5)/10). Let s(v) be the second derivative of -v - 1/6*v**3 + 0*v**2 + 0. What is s(x)?
9
Let x(a) = a**3 - 12*a**2 - 13*a - 11. Let f be x(13). Let s(l) be the first derivative of -17 + 1/3*l**3 - 2*l + 11/2*l**2. Determine s(f).
-2
Let q(k) = k**3 - 24*k**2 - 14. Let m be q(24). Let w be (-20)/m*(117/(-18) - -10). Let a(h) be the first derivative of -h**2 - 7*h + 2. What is a(w)?
-17
Let r(y) = -y**3 + 67*y**2 + 287*y - 5399. Let x be r(70). Let t(i) be the second derivative of i**4/12 + 3*i**3/2 + 7*i**2/2 + i. Give t(x).
7
Suppose 123*f - 144*f + 315 = 0. Let p(z) = z**3 - 15*z**2 - 5*z + 92. Give p(f).
17
Suppose -3*o - 8 = -w, -8*w + 3*w + 5*o = -30. Let i(j) = w*j - 10*j + 17 + 4*j. Give i(8).
9
Let a(v) = 2*v - 4. Let c = 12 + -11. Let r be (2 + -1)/(c + 0) - -3. Let j be a(r). Let x(u) = -u**2 + 7*u - 4. What is x(j)?
8
Suppose 0 = -4*v - 3*b - 51, 5*v + 2*b + 50 + 5 = 0. Let c(w) = 2*w - 7. Give c(v).
-25
Let k = 8 - 6. Let m(q) = -q**k + 374 + 0*q**2 + q**2 + q**2 - 386. Let s(n) = -n**3 + n**2. Let d be s(0). Calculate m(d).
-12
Let p(w) = -w**3 + 8*w**2 - 4*w + 7. Suppose -886*d + 3*c = -883*d - 24, 3*c = 2*d - 16. What is p(d)?
-25
Let r = -6 - -8. Let b be r/2*(4 - 3). Let j(n) be the first derivative of 14*n**3/3 - n**2/2 + n - 16811. Determine j(b).
14
Let p(q) = 35*q**2 - 18*q - 38. Let j(d) = 76*d**2 - 37*d - 73. Let u(y) = -6*j(y) + 13*p(y). Give u(-5).
-21
Let g(d) = -4*d + 95. Let l(h) = -h + 26. Let k(s) = -4*g(s) + 15*l(s). What is k(8)?
18
Suppose -12 = 4*s + 128. Let z be 7/s - (-41)/5. Let c(g) = g - 11. Determine c(z).
-3
Let c(j) = j**2 + 3*j + 1. Let b(p) = p**3 + 8*p**2 - 2*p - 29. Let l be b(-7). Suppose -o + 5*k - 46 = 2*o, 2*o - 4*k = -l. What is c(o)?
29
Let u(x) = x + 6. Suppose 5*w - 6*v = -5, 5*v - 20 = -w + 2*v. Suppose -w*g = -g - 5*j + 35, 3*g = j - 18. Determine u(g).
1
Let m(n) = -1136*n - 1129*n + 4 + 2270*n. Let p(l) = -9*l - 7. Let c = 1 + -8. Let v(w) = c*m(w) - 4*p(w). What is v(3)?
3
Let j(n) = 4*n + 56 - 126 + 3*n + 60. Let l(k) = -6*k + 8. Suppose -4*m + 7 - 31 = 0. Let w(b) = m*l(b) - 5*j(b). Give w(-6).
-4
Let s(m) = -1846 + 934 - 10*m + 918. Determine s(8).
-74
Let n(w) = 2*w**2 + 57*w + 39. Let h = -1890 + 1862. Determine n(h).
11
Suppose 3*u = -3*u - 5*v + 31, -2*u + 15 = -3*v. Let c(d) = -21*d + 115. What is c(u)?
-11
Let z = -13656 + 13643. Let t(x) = -x**2 - 16*x - 16. Give t(z).
23
Let i(q) be the second derivative of q**5/20 + 5*q**4/12 - 7*q**3/3 - 2*q**2 + 9*q - 35. 